{"id":901,"date":"2023-04-07T11:07:12","date_gmt":"2023-04-07T10:07:12","guid":{"rendered":"https:\/\/noisiel.spf77.org\/?page_id=901"},"modified":"2023-04-09T09:56:27","modified_gmt":"2023-04-09T08:56:27","slug":"appel-au-benevolat","status":"publish","type":"page","link":"https:\/\/noisiel.spf77.org\/?page_id=901","title":{"rendered":"Appel au B\u00e9n\u00e9volat"},"content":{"rendered":"\n<h2 class=\"wp-block-heading has-text-align-center has-vivid-cyan-blue-background-color has-background has-medium-font-size\">Vous souhaitez<\/h2>\n\n\n\n<div class=\"wp-block-group has-white-color has-text-color has-background is-vertical is-content-justification-center is-nowrap is-layout-flex wp-container-core-group-is-layout-77e6b350 wp-block-group-is-layout-flex\" style=\"background-color:#79a2c5\">\n<ul class=\"wp-block-list\">\n<li style=\"font-size:23px;letter-spacing:2px\">Aider \u00e0 apprendre le fran\u00e7ais, \u00e0 faire les devoirs.<\/li>\n\n\n\n<li style=\"font-size:23px;letter-spacing:2px\">Participer \u00e0 la distribution alimentaire.<\/li>\n\n\n\n<li style=\"font-size:23px;letter-spacing:2px\">Participer aux collectes.<\/li>\n\n\n\n<li style=\"font-size:23px;letter-spacing:2px\">Accompagner les sorties culturelles ou sportives.<\/li>\n\n\n\n<li style=\"font-size:23px;letter-spacing:2px\">Participer aux braderies.<\/li>\n\n\n\n<li style=\"font-size:23px;letter-spacing:2px\">Tenir le vestiaire solidaire.<\/li>\n\n\n\n<li style=\"font-size:23px;letter-spacing:2px\">Saisie de dossiers administratifs.<\/li>\n<\/ul>\n<\/div>\n\n\n\n<p class=\"has-text-align-center has-vivid-cyan-blue-background-color has-background\"><strong>Nos Horaires<\/strong><\/p>\n\n\n\n<div class=\"wp-block-columns is-layout-flex wp-container-core-columns-is-layout-9d6595d7 wp-block-columns-is-layout-flex\">\n<div class=\"wp-block-column has-white-background-color has-background is-layout-flow wp-block-column-is-layout-flow\">\n<div class=\"wp-block-columns is-layout-flex wp-container-core-columns-is-layout-9d6595d7 wp-block-columns-is-layout-flex\">\n<div class=\"wp-block-column is-layout-flow wp-block-column-is-layout-flow\">\n<p class=\"has-text-align-center has-vivid-cyan-blue-background-color has-background\"><strong>Permanence d&#8217;accueil<\/strong><\/p>\n\n\n\n<p class=\"has-text-align-center\">Lundi de 14H00 \u00e0 16H30<\/p>\n\n\n\n<p class=\"has-text-align-center\">Jeudi de 9H00 \u00e0 11H30<\/p>\n\n\n\n<div class=\"wp-block-columns is-layout-flex wp-container-core-columns-is-layout-9d6595d7 wp-block-columns-is-layout-flex\">\n<div class=\"wp-block-column is-layout-flow wp-block-column-is-layout-flow\">\n<p class=\"has-text-align-center has-vivid-cyan-blue-background-color has-background\"><strong>Accompagnement scolaire<\/strong><\/p>\n\n\n\n<p>LCR des Tilleuls<\/p>\n\n\n\n<p class=\"has-text-align-center\">Lundi de 16H30 \u00e0 18H30<\/p>\n\n\n\n<p class=\"has-text-align-center\">Jeudi de 16H30 \u00e0 18H30<\/p>\n\n\n\n<p>LCR des Deux Parcs<\/p>\n\n\n\n<p class=\"has-text-align-center\">Lundi de 16H30 \u00e0 18H30<\/p>\n\n\n\n<p class=\"has-text-align-center\">Jeudi de 16H30 \u00e0 18H30<\/p>\n\n\n\n<p>Maison de Quartier de la Ferme du Buisson<\/p>\n\n\n\n<p class=\"has-text-align-center\">Mardi de 16H30 \u00e0 18H30<\/p>\n\n\n\n<p class=\"has-text-align-center\">Jeudi de 16H30 \u00e0 18H30<\/p>\n\n\n\n<p class=\"has-text-align-center\">Samedi de 10H00 \u00e0 12H00<\/p>\n\n\n\n<div class=\"wp-block-columns is-layout-flex wp-container-core-columns-is-layout-9d6595d7 wp-block-columns-is-layout-flex\">\n<div class=\"wp-block-column is-layout-flow wp-block-column-is-layout-flow\">\n<p class=\"has-text-align-center has-vivid-cyan-blue-background-color has-background\"><strong>Apprentissage du Fran\u00e7ais<\/strong><\/p>\n\n\n\n<p>Maison de Quartier de la Ferme du Buisson<\/p>\n\n\n\n<p class=\"has-text-align-center\">Lundi de 14H00 \u00e0 16H00<\/p>\n\n\n\n<p class=\"has-text-align-center\">Mardi de 9H30 \u00e0 11H30<\/p>\n\n\n\n<p class=\"has-text-align-center\">Jeudi de 9H30 \u00e0 11H30<\/p>\n\n\n\n<div class=\"wp-block-columns is-layout-flex wp-container-core-columns-is-layout-9d6595d7 wp-block-columns-is-layout-flex\">\n<div class=\"wp-block-column is-layout-flow wp-block-column-is-layout-flow\">\n<p class=\"has-text-align-center has-vivid-cyan-blue-background-color has-background\"><strong>Distribution alimentaire<\/strong><\/p>\n\n\n\n<p class=\"has-text-align-center\">Le vendredi toutes les 2 semaines de 8H30 \u00e0 11H30<\/p>\n\n\n\n<div class=\"wp-block-columns is-layout-flex wp-container-core-columns-is-layout-9d6595d7 wp-block-columns-is-layout-flex\">\n<div class=\"wp-block-column is-layout-flow wp-block-column-is-layout-flow\">\n<p class=\"has-text-align-center has-vivid-cyan-blue-background-color has-background\"><strong>Vestiaire Solidaire<\/strong><\/p>\n\n\n\n<p class=\"has-text-align-center\">Mardi de 10H00 \u00e0 12H00 et de 14H00 \u00e0 16H30<\/p>\n\n\n\n<p class=\"has-text-align-center\">Vendredi de 14H00 \u00e0 16H00<\/p>\n\n\n\n<div class=\"wp-block-columns is-layout-flex wp-container-core-columns-is-layout-9d6595d7 wp-block-columns-is-layout-flex\">\n<div class=\"wp-block-column is-layout-flow wp-block-column-is-layout-flow\">\n<p class=\"has-text-align-center has-vivid-cyan-blue-background-color has-background\">Nos coordonn\u00e9es<\/p>\n\n\n\n<p class=\"has-text-align-center\">Local: 9 cours des Deux Parc 77186 Noisiel<\/p>\n\n\n\n<p class=\"has-text-align-center\">Tel: 01 64 62 00 80<\/p>\n\n\n\n<p class=\"has-text-align-center\">Mail: noisiel@spf77.org<\/p>\n<\/div>\n<\/div>\n<\/div>\n<\/div>\n<\/div>\n<\/div>\n<\/div>\n<\/div>\n<\/div>\n<\/div>\n<\/div>\n<\/div>\n<\/div>\n<\/div>\n","protected":false},"excerpt":{"rendered":"<p>Vous souhaitez Nos Horaires Permanence d&#8217;accueil Lundi de 14H00 \u00e0 16H30 Jeudi de 9H00 \u00e0 11H30 Accompagnement scolaire LCR des Tilleuls Lundi de 16H30 \u00e0 18H30 Jeudi de 16H30 \u00e0 18H30 LCR des Deux Parcs Lundi de 16H30 \u00e0 18H30 Jeudi de 16H30 \u00e0 18H30 Maison de Quartier de la Ferme du Buisson Mardi de 16H30 \u00e0 18H30 Jeudi de 16H30 \u00e0 18H30 Samedi de 10H00 \u00e0 12H00 Apprentissage du Fran\u00e7ais Maison de Quartier de la Ferme du Buisson Lundi de 14H00 \u00e0 16H00 Mardi de 9H30 \u00e0 11H30 Jeudi de 9H30 \u00e0 11H30 Distribution alimentaire Le vendredi toutes les<\/p>\n<a class=\"more-link\" rel=\"nofollow\" href=\"https:\/\/noisiel.spf77.org\/?page_id=901\">[Read More...]<\/a>","protected":false},"author":1,"featured_media":881,"parent":0,"menu_order":0,"comment_status":"closed","ping_status":"closed","template":"","meta":{"footnotes":""},"class_list":["post-901","page","type-page","status-publish","has-post-thumbnail","hentry"],"_links":{"self":[{"href":"https:\/\/noisiel.spf77.org\/index.php?rest_route=\/wp\/v2\/pages\/901","targetHints":{"allow":["GET"]}}],"collection":[{"href":"https:\/\/noisiel.spf77.org\/index.php?rest_route=\/wp\/v2\/pages"}],"about":[{"href":"https:\/\/noisiel.spf77.org\/index.php?rest_route=\/wp\/v2\/types\/page"}],"author":[{"embeddable":true,"href":"https:\/\/noisiel.spf77.org\/index.php?rest_route=\/wp\/v2\/users\/1"}],"replies":[{"embeddable":true,"href":"https:\/\/noisiel.spf77.org\/index.php?rest_route=%2Fwp%2Fv2%2Fcomments&post=901"}],"version-history":[{"count":26,"href":"https:\/\/noisiel.spf77.org\/index.php?rest_route=\/wp\/v2\/pages\/901\/revisions"}],"predecessor-version":[{"id":936,"href":"https:\/\/noisiel.spf77.org\/index.php?rest_route=\/wp\/v2\/pages\/901\/revisions\/936"}],"wp:featuredmedia":[{"embeddable":true,"href":"https:\/\/noisiel.spf77.org\/index.php?rest_route=\/wp\/v2\/media\/881"}],"wp:attachment":[{"href":"https:\/\/noisiel.spf77.org\/index.php?rest_route=%2Fwp%2Fv2%2Fmedia&parent=901"}],"curies":[{"name":"wp","href":"https:\/\/api.w.org\/{rel}","templated":true}]}}

Appel au Bénévolat

<h2 class="wp-block-heading has-text-align-center has-vivid-cyan-blue-background-color has-background has-medium-font-size">Vous souhaitez</h2>



<div class="wp-block-group has-white-color has-text-color has-background is-vertical is-content-justification-center is-nowrap is-layout-flex wp-container-core-group-is-layout-77e6b350 wp-block-group-is-layout-flex" style="background-color:#79a2c5">
<ul class="wp-block-list">
<li style="font-size:23px;letter-spacing:2px">Aider à apprendre le français, à faire les devoirs.</li>



<li style="font-size:23px;letter-spacing:2px">Participer à la distribution alimentaire.</li>



<li style="font-size:23px;letter-spacing:2px">Participer aux collectes.</li>



<li style="font-size:23px;letter-spacing:2px">Accompagner les sorties culturelles ou sportives.</li>



<li style="font-size:23px;letter-spacing:2px">Participer aux braderies.</li>



<li style="font-size:23px;letter-spacing:2px">Tenir le vestiaire solidaire.</li>



<li style="font-size:23px;letter-spacing:2px">Saisie de dossiers administratifs.</li>
</ul>
</div>



<p class="has-text-align-center has-vivid-cyan-blue-background-color has-background"><strong>Nos Horaires</strong></p>



<div class="wp-block-columns is-layout-flex wp-container-core-columns-is-layout-9d6595d7 wp-block-columns-is-layout-flex">
<div class="wp-block-column has-white-background-color has-background is-layout-flow wp-block-column-is-layout-flow">
<div class="wp-block-columns is-layout-flex wp-container-core-columns-is-layout-9d6595d7 wp-block-columns-is-layout-flex">
<div class="wp-block-column is-layout-flow wp-block-column-is-layout-flow">
<p class="has-text-align-center has-vivid-cyan-blue-background-color has-background"><strong>Permanence d&#8217;accueil</strong></p>



<p class="has-text-align-center">Lundi de 14H00 à 16H30</p>



<p class="has-text-align-center">Jeudi de 9H00 à 11H30</p>



<div class="wp-block-columns is-layout-flex wp-container-core-columns-is-layout-9d6595d7 wp-block-columns-is-layout-flex">
<div class="wp-block-column is-layout-flow wp-block-column-is-layout-flow">
<p class="has-text-align-center has-vivid-cyan-blue-background-color has-background"><strong>Accompagnement scolaire</strong></p>



<p>LCR des Tilleuls</p>



<p class="has-text-align-center">Lundi de 16H30 à 18H30</p>



<p class="has-text-align-center">Jeudi de 16H30 à 18H30</p>



<p>LCR des Deux Parcs</p>



<p class="has-text-align-center">Lundi de 16H30 à 18H30</p>



<p class="has-text-align-center">Jeudi de 16H30 à 18H30</p>



<p>Maison de Quartier de la Ferme du Buisson</p>



<p class="has-text-align-center">Mardi de 16H30 à 18H30</p>



<p class="has-text-align-center">Jeudi de 16H30 à 18H30</p>



<p class="has-text-align-center">Samedi de 10H00 à 12H00</p>



<div class="wp-block-columns is-layout-flex wp-container-core-columns-is-layout-9d6595d7 wp-block-columns-is-layout-flex">
<div class="wp-block-column is-layout-flow wp-block-column-is-layout-flow">
<p class="has-text-align-center has-vivid-cyan-blue-background-color has-background"><strong>Apprentissage du Français</strong></p>



<p>Maison de Quartier de la Ferme du Buisson</p>



<p class="has-text-align-center">Lundi de 14H00 à 16H00</p>



<p class="has-text-align-center">Mardi de 9H30 à 11H30</p>



<p class="has-text-align-center">Jeudi de 9H30 à 11H30</p>



<div class="wp-block-columns is-layout-flex wp-container-core-columns-is-layout-9d6595d7 wp-block-columns-is-layout-flex">
<div class="wp-block-column is-layout-flow wp-block-column-is-layout-flow">
<p class="has-text-align-center has-vivid-cyan-blue-background-color has-background"><strong>Distribution alimentaire</strong></p>



<p class="has-text-align-center">Le vendredi toutes les 2 semaines de 8H30 à 11H30</p>



<div class="wp-block-columns is-layout-flex wp-container-core-columns-is-layout-9d6595d7 wp-block-columns-is-layout-flex">
<div class="wp-block-column is-layout-flow wp-block-column-is-layout-flow">
<p class="has-text-align-center has-vivid-cyan-blue-background-color has-background"><strong>Vestiaire Solidaire</strong></p>



<p class="has-text-align-center">Mardi de 10H00 à 12H00 et de 14H00 à 16H30</p>



<p class="has-text-align-center">Vendredi de 14H00 à 16H00</p>



<div class="wp-block-columns is-layout-flex wp-container-core-columns-is-layout-9d6595d7 wp-block-columns-is-layout-flex">
<div class="wp-block-column is-layout-flow wp-block-column-is-layout-flow">
<p class="has-text-align-center has-vivid-cyan-blue-background-color has-background">Nos coordonnées</p>



<p class="has-text-align-center">Local: 9 cours des Deux Parc 77186 Noisiel</p>



<p class="has-text-align-center">Tel: 01 64 62 00 80</p>



<p class="has-text-align-center">Mail: noisiel@spf77.org</p>
</div>
</div>
</div>
</div>
</div>
</div>
</div>
</div>
</div>
</div>
</div>
</div>
</div>
</div>

<p>Vous souhaitez Nos Horaires Permanence d&#8217;accueil Lundi de 14H00 à 16H30 Jeudi de 9H00 à 11H30 Accompagnement scolaire LCR des Tilleuls Lundi de 16H30 à 18H30 Jeudi de 16H30 à 18H30 LCR des Deux Parcs Lundi de 16H30 à 18H30 Jeudi de 16H30 à 18H30 Maison de Quartier de la Ferme du Buisson Mardi de 16H30 à 18H30 Jeudi de 16H30 à 18H30 Samedi de 10H00 à 12H00 Apprentissage du Français Maison de Quartier de la Ferme du Buisson Lundi de 14H00 à 16H00 Mardi de 9H30 à 11H30 Jeudi de 9H30 à 11H30 Distribution alimentaire Le vendredi toutes les</p>
<a class="more-link" rel="nofollow" href="https://noisiel.spf77.org/?page_id=901">[Read More...]</a>
